{"id":78,"date":"2020-05-18T22:50:42","date_gmt":"2020-05-18T22:50:42","guid":{"rendered":"https:\/\/demosites.io\/winery-gb\/?page_id=78"},"modified":"2022-03-21T11:38:11","modified_gmt":"2022-03-21T11:38:11","slug":"cf5e5-home","status":"publish","type":"page","link":"https:\/\/www.elrincondelconcejo.com\/web\/","title":{"rendered":"Home"},"content":{"rendered":"\n<section id=\"wp-block-themeisle-blocks-advanced-columns-faf6acdf\" class=\"wp-block-themeisle-blocks-advanced-columns alignfull has-1-columns has-desktop-equal-layout has-tablet-equal-layout has-mobile-equal-layout has-vertical-center\"><div class=\"wp-block-themeisle-blocks-advanced-columns-overlay\"><\/div><div class=\"innerblocks-wrap\">\n<div id=\"wp-block-themeisle-blocks-advanced-column-7ec5acd4\" class=\"wp-block-themeisle-blocks-advanced-column\">\n<h4 class=\"has-text-align-center has-white-color has-text-color wp-block-heading\"><strong>ALQUILERES EN ARCOS DE LA FRONTERA, C\u00c1DIZ<\/strong><\/h4>\n\n\n\n<h1 id=\"wp-block-themeisle-blocks-advanced-heading-8518d26d\" class=\"wp-block-themeisle-blocks-advanced-heading wp-block-themeisle-blocks-advanced-heading-8518d26d\">El Rinc\u00f3n del Concejo<\/h1>\n\n\n\n<div class=\"wp-block-buttons is-content-justification-center is-layout-flex wp-container-core-buttons-is-layout-16018d1d wp-block-buttons-is-layout-flex\">\n<div class=\"wp-block-button is-style-primary\"><a class=\"wp-block-button__link\" href=\"\/web\/casas-arcos-de-la-frontera\/\">CONOCE NUESTRAS CASAS<\/a><\/div>\n<\/div>\n<\/div>\n<\/div><\/section>\n\n\n\n<div id=\"wp-block-themeisle-blocks-advanced-columns-cb14bf1a\" class=\"wp-block-themeisle-blocks-advanced-columns alignfull has-1-columns has-desktop-equal-layout has-tablet-equal-layout has-mobile-equal-layout has-vertical-unset\"><div class=\"wp-block-themeisle-blocks-advanced-columns-overlay\"><\/div><div class=\"innerblocks-wrap\">\n<div id=\"wp-block-themeisle-blocks-advanced-column-b5fdf1ec\" class=\"wp-block-themeisle-blocks-advanced-column\">\n<h2 class=\"has-text-align-center has-neve-link-hover-color-color has-text-color wp-block-heading\">\u00bfPor qu\u00e9 en Arcos de la Frontera?<\/h2>\n\n\n\n<p>Descubrir\u00e1s uno de los pueblos m\u00e1s bellos de Espa\u00f1a, declarado <strong>Monumento Hist\u00f3rico Art\u00edstico Nacional<\/strong>. Arcos de la Frontera es centro de Inter\u00e9s Tur\u00edstico, declarado <strong>Villa de Europa por su monumentalidad<\/strong>. <\/p>\n\n\n\n<p>Entrada natural a la famos\u00edsima <strong>Ruta de los Pueblos Blancos<\/strong>. Enclavado sobre su impresionante tajo, en la cima de una roca a unos 100 metros de altura sobre el r\u00edo Guadalete. Es el primer pueblo de la ruta de los pueblos blancos y se encuentra a 15 minutos de la entrada a los Parques Naturales Sierra de Grazalema y Los Alcornocales. <\/p>\n\n\n\n<p>A 20 minutos de Jerez de la Frontera, con sus bodegas, circuito de velocidad y sus campos de golf, a 45 minutos de la mejores playas de la provincia de C\u00e1diz.<\/p>\n<\/div>\n<\/div><\/div>\n\n\n\n<div id=\"wp-block-themeisle-blocks-advanced-columns-68b18d08\" class=\"wp-block-themeisle-blocks-advanced-columns alignfull has-3-columns has-desktop-equal-layout has-tablet-equal-layout has-mobile-collapsedRows-layout has-vertical-unset has-default-gap\"><div class=\"wp-block-themeisle-blocks-advanced-columns-overlay\"><\/div><div class=\"innerblocks-wrap\">\n<div id=\"wp-block-themeisle-blocks-advanced-column-9d380373\" class=\"wp-block-themeisle-blocks-advanced-column\">\n<div id=\"wp-block-themeisle-blocks-button-group-44055843\" class=\"wp-block-themeisle-blocks-button-group wp-block-buttons align-center\">\n<div id=\"wp-block-themeisle-blocks-button-ddc84e7d\" class=\"wp-block-themeisle-blocks-button wp-block-button\"><a href=\"\" target=\"_self\" rel=\"noopener noreferrer\" class=\"wp-block-button__link\"><i class=\"fas fa-fw fa-wine-glass-alt\"><\/i><\/a><\/div>\n<\/div>\n\n\n\n<h3 class=\"has-text-align-center wp-block-heading\">Gastronom\u00eda<\/h3>\n\n\n\n<p class=\"has-text-align-center\">Tanto en Arcos como en las poblaciones cercanas podr\u00e1s disfrutar de buena comida y bebida.<\/p>\n<\/div>\n\n\n\n<div id=\"wp-block-themeisle-blocks-advanced-column-2c9ecad5\" class=\"wp-block-themeisle-blocks-advanced-column\">\n<div id=\"wp-block-themeisle-blocks-button-group-790b33ee\" class=\"wp-block-themeisle-blocks-button-group wp-block-buttons align-center\">\n<div id=\"wp-block-themeisle-blocks-button-824a190b\" class=\"wp-block-themeisle-blocks-button wp-block-button\"><a href=\"\" target=\"_self\" rel=\"noopener noreferrer\" class=\"wp-block-button__link\"><i class=\"fas fa-fw fa-mountain\"><\/i><\/a><\/div>\n<\/div>\n\n\n\n<h3 class=\"has-text-align-center wp-block-heading\">Naturaleza<\/h3>\n\n\n\n<p class=\"has-text-align-center\">A los pies de los Parques Naturales la Sierra de Grazalema y los Alcornocales.<\/p>\n<\/div>\n\n\n\n<div id=\"wp-block-themeisle-blocks-advanced-column-ef301404\" class=\"wp-block-themeisle-blocks-advanced-column\">\n<div id=\"wp-block-themeisle-blocks-button-group-715d4812\" class=\"wp-block-themeisle-blocks-button-group wp-block-buttons align-center\">\n<div id=\"wp-block-themeisle-blocks-button-db11a831\" class=\"wp-block-themeisle-blocks-button wp-block-button\"><a href=\"\" target=\"_self\" rel=\"noopener noreferrer\" class=\"wp-block-button__link\"><i class=\"fab fa-fw fa-fort-awesome\"><\/i><\/a><\/div>\n<\/div>\n\n\n\n<h3 class=\"has-text-align-center wp-block-heading\">Historia<\/h3>\n\n\n\n<p class=\"has-text-align-center\">Gran patrimonio monumental.<\/p>\n<\/div>\n<\/div><\/div>\n\n\n\n<div id=\"wp-block-themeisle-blocks-advanced-columns-98a3b773\" class=\"wp-block-themeisle-blocks-advanced-columns has-1-columns has-desktop-equal-layout has-tablet-equal-layout has-mobile-equal-layout has-vertical-unset has-default-gap\"><div class=\"wp-block-themeisle-blocks-advanced-columns-overlay\"><\/div><div class=\"innerblocks-wrap\">\n<div id=\"wp-block-themeisle-blocks-advanced-column-1e42b932\" class=\"wp-block-themeisle-blocks-advanced-column\">\n<div class=\"wp-block-buttons is-content-justification-center is-layout-flex wp-container-core-buttons-is-layout-16018d1d wp-block-buttons-is-layout-flex\">\n<div class=\"wp-block-button is-style-primary\"><a class=\"wp-block-button__link has-white-color has-text-color\" href=\"\/web\/casas-arcos-de-la-frontera\/\">CONOCE NUESTRAS CASAS<\/a><\/div>\n<\/div>\n\n\n\n<div style=\"height:10px\" aria-hidden=\"true\" class=\"wp-block-spacer\"><\/div>\n\n\n\n<p class=\"has-text-align-center\">Contacta con nosotros para condiciones de reserva, restricciones, suplementos, estancias m\u00ednimas, ofertas y descuentos.<\/p>\n<\/div>\n<\/div><\/div>\n","protected":false},"excerpt":{"rendered":"","protected":false},"author":1,"featured_media":0,"parent":0,"menu_order":0,"comment_status":"closed","ping_status":"closed","template":"","meta":{"neve_meta_sidebar":"full-width","neve_meta_container":"","neve_meta_enable_content_width":"on","neve_meta_content_width":100,"neve_meta_title_alignment":"","neve_meta_author_avatar":"","neve_post_elements_order":"","neve_meta_disable_header":"","neve_meta_disable_footer":"","neve_meta_disable_title":"on","neve_meta_reading_time":"","_themeisle_gutenberg_block_has_review":false,"footnotes":""},"class_list":["post-78","page","type-page","status-publish","hentry"],"jetpack_sharing_enabled":true,"_links":{"self":[{"href":"https:\/\/www.elrincondelconcejo.com\/web\/wp-json\/wp\/v2\/pages\/78","targetHints":{"allow":["GET"]}}],"collection":[{"href":"https:\/\/www.elrincondelconcejo.com\/web\/wp-json\/wp\/v2\/pages"}],"about":[{"href":"https:\/\/www.elrincondelconcejo.com\/web\/wp-json\/wp\/v2\/types\/page"}],"author":[{"embeddable":true,"href":"https:\/\/www.elrincondelconcejo.com\/web\/wp-json\/wp\/v2\/users\/1"}],"replies":[{"embeddable":true,"href":"https:\/\/www.elrincondelconcejo.com\/web\/wp-json\/wp\/v2\/comments?post=78"}],"version-history":[{"count":13,"href":"https:\/\/www.elrincondelconcejo.com\/web\/wp-json\/wp\/v2\/pages\/78\/revisions"}],"predecessor-version":[{"id":383,"href":"https:\/\/www.elrincondelconcejo.com\/web\/wp-json\/wp\/v2\/pages\/78\/revisions\/383"}],"wp:attachment":[{"href":"https:\/\/www.elrincondelconcejo.com\/web\/wp-json\/wp\/v2\/media?parent=78"}],"curies":[{"name":"wp","href":"https:\/\/api.w.org\/{rel}","templated":true}]}}

<section id="wp-block-themeisle-blocks-advanced-columns-faf6acdf" class="wp-block-themeisle-blocks-advanced-columns alignfull has-1-columns has-desktop-equal-layout has-tablet-equal-layout has-mobile-equal-layout has-vertical-center"><div class="wp-block-themeisle-blocks-advanced-columns-overlay"></div><div class="innerblocks-wrap">
<div id="wp-block-themeisle-blocks-advanced-column-7ec5acd4" class="wp-block-themeisle-blocks-advanced-column">
<h4 class="has-text-align-center has-white-color has-text-color wp-block-heading"><strong>ALQUILERES EN ARCOS DE LA FRONTERA, CÁDIZ</strong></h4>



<h1 id="wp-block-themeisle-blocks-advanced-heading-8518d26d" class="wp-block-themeisle-blocks-advanced-heading wp-block-themeisle-blocks-advanced-heading-8518d26d">El Rincón del Concejo</h1>



<div class="wp-block-buttons is-content-justification-center is-layout-flex wp-container-core-buttons-is-layout-16018d1d wp-block-buttons-is-layout-flex">
<div class="wp-block-button is-style-primary"><a class="wp-block-button__link" href="/web/casas-arcos-de-la-frontera/">CONOCE NUESTRAS CASAS</a></div>
</div>
</div>
</div></section>



<div id="wp-block-themeisle-blocks-advanced-columns-cb14bf1a" class="wp-block-themeisle-blocks-advanced-columns alignfull has-1-columns has-desktop-equal-layout has-tablet-equal-layout has-mobile-equal-layout has-vertical-unset"><div class="wp-block-themeisle-blocks-advanced-columns-overlay"></div><div class="innerblocks-wrap">
<div id="wp-block-themeisle-blocks-advanced-column-b5fdf1ec" class="wp-block-themeisle-blocks-advanced-column">
<h2 class="has-text-align-center has-neve-link-hover-color-color has-text-color wp-block-heading">¿Por qué en Arcos de la Frontera?</h2>



<p>Descubrirás uno de los pueblos más bellos de España, declarado <strong>Monumento Histórico Artístico Nacional</strong>. Arcos de la Frontera es centro de Interés Turístico, declarado <strong>Villa de Europa por su monumentalidad</strong>. </p>



<p>Entrada natural a la famosísima <strong>Ruta de los Pueblos Blancos</strong>. Enclavado sobre su impresionante tajo, en la cima de una roca a unos 100 metros de altura sobre el río Guadalete. Es el primer pueblo de la ruta de los pueblos blancos y se encuentra a 15 minutos de la entrada a los Parques Naturales Sierra de Grazalema y Los Alcornocales. </p>



<p>A 20 minutos de Jerez de la Frontera, con sus bodegas, circuito de velocidad y sus campos de golf, a 45 minutos de la mejores playas de la provincia de Cádiz.</p>
</div>
</div></div>



<div id="wp-block-themeisle-blocks-advanced-columns-68b18d08" class="wp-block-themeisle-blocks-advanced-columns alignfull has-3-columns has-desktop-equal-layout has-tablet-equal-layout has-mobile-collapsedRows-layout has-vertical-unset has-default-gap"><div class="wp-block-themeisle-blocks-advanced-columns-overlay"></div><div class="innerblocks-wrap">
<div id="wp-block-themeisle-blocks-advanced-column-9d380373" class="wp-block-themeisle-blocks-advanced-column">
<div id="wp-block-themeisle-blocks-button-group-44055843" class="wp-block-themeisle-blocks-button-group wp-block-buttons align-center">
<div id="wp-block-themeisle-blocks-button-ddc84e7d" class="wp-block-themeisle-blocks-button wp-block-button"><a href="" target="_self" rel="noopener noreferrer" class="wp-block-button__link"><i class="fas fa-fw fa-wine-glass-alt"></i></a></div>
</div>



<h3 class="has-text-align-center wp-block-heading">Gastronomía</h3>



<p class="has-text-align-center">Tanto en Arcos como en las poblaciones cercanas podrás disfrutar de buena comida y bebida.</p>
</div>



<div id="wp-block-themeisle-blocks-advanced-column-2c9ecad5" class="wp-block-themeisle-blocks-advanced-column">
<div id="wp-block-themeisle-blocks-button-group-790b33ee" class="wp-block-themeisle-blocks-button-group wp-block-buttons align-center">
<div id="wp-block-themeisle-blocks-button-824a190b" class="wp-block-themeisle-blocks-button wp-block-button"><a href="" target="_self" rel="noopener noreferrer" class="wp-block-button__link"><i class="fas fa-fw fa-mountain"></i></a></div>
</div>



<h3 class="has-text-align-center wp-block-heading">Naturaleza</h3>



<p class="has-text-align-center">A los pies de los Parques Naturales la Sierra de Grazalema y los Alcornocales.</p>
</div>



<div id="wp-block-themeisle-blocks-advanced-column-ef301404" class="wp-block-themeisle-blocks-advanced-column">
<div id="wp-block-themeisle-blocks-button-group-715d4812" class="wp-block-themeisle-blocks-button-group wp-block-buttons align-center">
<div id="wp-block-themeisle-blocks-button-db11a831" class="wp-block-themeisle-blocks-button wp-block-button"><a href="" target="_self" rel="noopener noreferrer" class="wp-block-button__link"><i class="fab fa-fw fa-fort-awesome"></i></a></div>
</div>



<h3 class="has-text-align-center wp-block-heading">Historia</h3>



<p class="has-text-align-center">Gran patrimonio monumental.</p>
</div>
</div></div>



<div id="wp-block-themeisle-blocks-advanced-columns-98a3b773" class="wp-block-themeisle-blocks-advanced-columns has-1-columns has-desktop-equal-layout has-tablet-equal-layout has-mobile-equal-layout has-vertical-unset has-default-gap"><div class="wp-block-themeisle-blocks-advanced-columns-overlay"></div><div class="innerblocks-wrap">
<div id="wp-block-themeisle-blocks-advanced-column-1e42b932" class="wp-block-themeisle-blocks-advanced-column">
<div class="wp-block-buttons is-content-justification-center is-layout-flex wp-container-core-buttons-is-layout-16018d1d wp-block-buttons-is-layout-flex">
<div class="wp-block-button is-style-primary"><a class="wp-block-button__link has-white-color has-text-color" href="/web/casas-arcos-de-la-frontera/">CONOCE NUESTRAS CASAS</a></div>
</div>



<div style="height:10px" aria-hidden="true" class="wp-block-spacer"></div>



<p class="has-text-align-center">Contacta con nosotros para condiciones de reserva, restricciones, suplementos, estancias mínimas, ofertas y descuentos.</p>
</div>
</div></div>
