{"id":198,"date":"2020-05-21T11:13:11","date_gmt":"2020-05-21T11:13:11","guid":{"rendered":"https:\/\/demosites.io\/winery-gb\/?page_id=101"},"modified":"2026-01-24T07:49:32","modified_gmt":"2026-01-24T07:49:32","slug":"contacto","status":"publish","type":"page","link":"https:\/\/www.elrincondelconcejo.com\/web\/contacto\/","title":{"rendered":"Contacto"},"content":{"rendered":"\n<div id=\"wp-block-themeisle-blocks-advanced-columns-a7d81b54\" class=\"wp-block-themeisle-blocks-advanced-columns alignfull has-1-columns has-desktop-equal-layout has-tablet-equal-layout has-mobile-equal-layout has-vertical-unset\"><div class=\"wp-block-themeisle-blocks-advanced-columns-overlay\"><\/div><div class=\"innerblocks-wrap\">\n<div id=\"wp-block-themeisle-blocks-advanced-column-4ceac3e5\" class=\"wp-block-themeisle-blocks-advanced-column\">\n<h1 class=\"wp-block-heading has-text-align-center has-neve-link-hover-color-color has-text-color\">Ven a conocernos<\/h1>\n\n\n\n<h4 class=\"wp-block-heading has-text-align-center has-nv-text-dark-bg-color has-text-color\">EL RINC\u00d3N DEL CONCEJO<\/h4>\n<\/div>\n<\/div><\/div>\n\n\n\n<div id=\"wp-block-themeisle-blocks-advanced-columns-d8f11322\" class=\"wp-block-themeisle-blocks-advanced-columns alignfull has-2-columns has-desktop-equal-layout has-tablet-equal-layout has-mobile-collapsedRows-layout has-vertical-unset\"><div class=\"wp-block-themeisle-blocks-advanced-columns-overlay\"><\/div><div class=\"innerblocks-wrap\">\n<div id=\"wp-block-themeisle-blocks-advanced-column-aa6ba2c9\" class=\"wp-block-themeisle-blocks-advanced-column\">\n<h2 class=\"wp-block-heading\">CONTACTA CON NOSOTROS<\/h2>\n\n\n\n<div id=\"wp-block-themeisle-blocks-button-group-d16bf987\" class=\"wp-block-themeisle-blocks-button-group wp-block-buttons\">\n<div id=\"wp-block-themeisle-blocks-button-af1c5655\" class=\"wp-block-themeisle-blocks-button wp-block-button\"><a href=\"\" target=\"_self\" rel=\"noopener noreferrer\" class=\"wp-block-button__link\"><i class=\"fas fa-fw fa-map-marker-alt margin-right\"><\/i><span><strong>ARCOS DE LA FRONTERA, A 1Km DEL CENTRO.<\/strong><\/span><\/a><\/div>\n<\/div>\n\n\n\n<p>Consultas y reservas en los tel\u00e9fonos:<\/p>\n\n\n\n<ul class=\"wp-block-list\">\n<li><a href=\"tel:+34654559097\">(+34) 654 559 097,<\/a> <\/li>\n\n\n\n<li><a href=\"tel:+34956717969\">(+34) 956 717 969<\/a> y<\/li>\n\n\n\n<li><a href=\"tel:+34675970815\">(+34) 675 970 815<\/a><\/li>\n<\/ul>\n\n\n\n<div style=\"height:30px\" aria-hidden=\"true\" class=\"wp-block-spacer\"><\/div>\n<\/div>\n\n\n\n<div id=\"wp-block-themeisle-blocks-advanced-column-6a6a4d2d\" class=\"wp-block-themeisle-blocks-advanced-column contact-form has-light-bg\">\n<p>Haz clic en el siguiente bot\u00f3n para enviarnos un e-mail.<\/p>\n\n\n\n<div style=\"height:40px\" aria-hidden=\"true\" class=\"wp-block-spacer\"><\/div>\n\n\n\n<div class=\"wp-block-buttons is-content-justification-center is-layout-flex wp-container-core-buttons-is-layout-16018d1d wp-block-buttons-is-layout-flex\">\n<div class=\"wp-block-button is-style-primary\"><a class=\"wp-block-button__link wp-element-button\" href=\"mailto:info@elrincondelconcejo.com\">info@elrincondelconcejo.com<\/a><\/div>\n<\/div>\n\n\n\n<div style=\"height:20px\" aria-hidden=\"true\" class=\"wp-block-spacer\"><\/div>\n\n\n\n<p class=\"has-small-font-size\">ADVERTENCIA: Los datos personales obtenidos mediante e-mail, as\u00ed como su direcci\u00f3n de correo electr\u00f3nico, podr\u00e1n ser incorporados a un fichero cuyo titular es MATRARCOS S.L. Consulta nuestra <a href=\"\/web\/privacidad\" target=\"_blank\" rel=\"noreferrer noopener\">pol\u00edtica de privacidad<\/a>.<\/p>\n<\/div>\n<\/div><\/div>\n\n\n\n<div id=\"wp-block-themeisle-blocks-advanced-columns-b8b1c5fe\" class=\"wp-block-themeisle-blocks-advanced-columns alignfull has-1-columns has-desktop-equal-layout has-tablet-equal-layout has-mobile-equal-layout has-vertical-unset has-light-bg\"><div class=\"wp-block-themeisle-blocks-advanced-columns-overlay\"><\/div><div class=\"innerblocks-wrap\">\n<div id=\"wp-block-themeisle-blocks-advanced-column-7d50405f\" class=\"wp-block-themeisle-blocks-advanced-column\"><div style=\"height:400px\" class=\"wp-block-themeisle-blocks-google-map\" id=\"wp-block-themeisle-blocks-google-map-2128d60a\"><\/div>\n<script type=\"text\/javascript\">\n\t\/* <![CDATA[ *\/\n\t\tif ( ! window.themeisleGoogleMaps ) window.themeisleGoogleMaps =[];\n\t\twindow.themeisleGoogleMaps.push( { container: \"wp-block-themeisle-blocks-google-map-2128d60a\", attributes: {\"id\":\"wp-block-themeisle-blocks-google-map-2128d60a\",\"location\":\"11630 Arcos de la Frontera, C\\u00e1diz, Espa\\u00f1a\",\"latitude\":\"36.73094228579107\",\"longitude\":\"-5.796288506762701\",\"zoom\":14,\"markers\":[{\"id\":\"eaa4be5f-4997-4b70-8db8-72dbca64a490\",\"location\":\"Casa 1\",\"title\":\"Casa 1 - El Rinc\\u00f3n del Concejo\",\"icon\":\"https:\\\/\\\/maps.google.com\\\/mapfiles\\\/ms\\\/icons\\\/red-dot.png\",\"description\":\"\",\"latitude\":\"36.72861\",\"longitude\":\"-5.7922216\"},{\"id\":\"3492e87f-4d96-48f7-81b7-63b5783d35fa\",\"location\":\"Casa 2\",\"title\":\"Casa 2 - El Rinc\\u00f3n del Concejo\",\"icon\":\"https:\\\/\\\/maps.google.com\\\/mapfiles\\\/ms\\\/icons\\\/red-dot.png\",\"description\":\"\",\"latitude\":\"36.732311\",\"longitude\":\"-5.7928\"}],\"style\":\"standard\",\"type\":\"roadmap\",\"height\":\"400px\",\"draggable\":true,\"mapTypeControl\":true,\"zoomControl\":true,\"fullscreenControl\":true,\"streetViewControl\":true,\"hasCustomCSS\":false,\"customCSS\":\"\",\"otterConditions\":[]} } );\n\t\/* ]]> *\/\n<\/script>\n<\/div>\n<\/div><\/div>\n\n\n\n<p><\/p>\n","protected":false},"excerpt":{"rendered":"","protected":false},"author":1,"featured_media":0,"parent":0,"menu_order":0,"comment_status":"closed","ping_status":"closed","template":"","meta":{"neve_meta_sidebar":"full-width","neve_meta_container":"","neve_meta_enable_content_width":"on","neve_meta_content_width":100,"neve_meta_title_alignment":"","neve_meta_author_avatar":"","neve_post_elements_order":"","neve_meta_disable_header":"","neve_meta_disable_footer":"","neve_meta_disable_title":"on","neve_meta_reading_time":"","_themeisle_gutenberg_block_has_review":false,"footnotes":""},"class_list":["post-198","page","type-page","status-publish","hentry"],"jetpack_sharing_enabled":true,"_links":{"self":[{"href":"https:\/\/www.elrincondelconcejo.com\/web\/wp-json\/wp\/v2\/pages\/198","targetHints":{"allow":["GET"]}}],"collection":[{"href":"https:\/\/www.elrincondelconcejo.com\/web\/wp-json\/wp\/v2\/pages"}],"about":[{"href":"https:\/\/www.elrincondelconcejo.com\/web\/wp-json\/wp\/v2\/types\/page"}],"author":[{"embeddable":true,"href":"https:\/\/www.elrincondelconcejo.com\/web\/wp-json\/wp\/v2\/users\/1"}],"replies":[{"embeddable":true,"href":"https:\/\/www.elrincondelconcejo.com\/web\/wp-json\/wp\/v2\/comments?post=198"}],"version-history":[{"count":10,"href":"https:\/\/www.elrincondelconcejo.com\/web\/wp-json\/wp\/v2\/pages\/198\/revisions"}],"predecessor-version":[{"id":524,"href":"https:\/\/www.elrincondelconcejo.com\/web\/wp-json\/wp\/v2\/pages\/198\/revisions\/524"}],"wp:attachment":[{"href":"https:\/\/www.elrincondelconcejo.com\/web\/wp-json\/wp\/v2\/media?parent=198"}],"curies":[{"name":"wp","href":"https:\/\/api.w.org\/{rel}","templated":true}]}}